29
Suppose 5*s = 14 + 1. Suppose -s*u + 2*u = -1. Let v = 14 + u. List the prime factors of v.
3, 5
Let l(w) = w**3 - 5*w**2 + 5*w + 7. Suppose 3*f + 26 + 4 = 0. Let o(x) = -x - 5. Let g be o(f). List the prime factors of l(g).
2
Let x(z) = -15*z + 5. Let p(a) = 5*a**2 + 4. Let y be p(2). Let v = y - 28. List the prime factors of x(v).
5, 13
Let o(b) = -b**3 + 13*b**2 + 5*b - 37. Let z be o(15). Let w = 616 + z. List the prime factors of w.
2, 3, 17
Let x(m) = -m**3 - 2*m**2 + 2. Let j be x(-2). List the prime factors of (-3)/(-1) - (-43 + j).
2, 11
Let w(r) = 36*r**2 + 7*r - 16. List the prime factors of w(4).
2, 3, 7
Let o be ((-24)/20)/(6/(-70)). What are the prime factors of 604/10 - o/35?
2, 3, 5
Let i be (1/(-3))/(-3*6/(-108)). List the prime factors of (0 + i/3)*2625/(-14).
5
Let u be 3838/8 - 21/(-84). What are the prime factors of u/12*(-26)/(-8)?
2, 5, 13
Suppose 3*l + 4*i = 5*l - 220, 3*i = -3*l + 285. What are the prime factors of l?
2, 5
Let u be (-1 + 3)/((-4)/(-6)). Suppose -4*f + u = -f. List the prime factors of f + -1 + 3 + 30.
3, 11
Suppose 0*l - 5*r - 97 = -4*l, 3*l - 5*r - 79 = 0. Suppose 0 = -5*h - 8 + l. Suppose -57 - 35 = -h*g. What are the prime factors of g?
2, 23
Suppose 3*r = s + 2*s, 4*s = 2*r + 8. Suppose -r*o - 24 = -2*o. What are the prime factors of o/9*(-1 - 2)?
2
Suppose 4*f + 6408 = 4*g, f = -20*g + 19*g + 1596. List the prime factors of g.
3, 13, 41
Let j(x) = -x - 3. Let t be (-12)/(-48) + (-50)/8. Let w be j(t). Suppose -4*r + 357 = w*r. List the prime factors of r.
3, 17
Let h be (52/(-8) - -4)*-2. Suppose 4*o - f - 7 = 0, -h*o + 4*f = 2 + 3. Suppose 39 = 3*l - 3*n + 4*n, -2*l - o*n + 26 = 0. List the prime factors of l.
13
What are the prime factors of (6 + 4626/(-72))*(1 - 17)?
2, 233
Let h = -236 - -2102. What are the prime factors of h?
2, 3, 311
Suppose 0 = -2*c + 4*h + 6 + 10, 5*c + 2*h = 52. Suppose 25*x - c*x = 1155. List the prime factors of x.
7, 11
Let s be 0/3 - 4 - 0. What are the prime factors of 98/(-4)*(s - 0)?
2, 7
Let a = -1311 - -1854. List the prime factors of a.
3, 181
List the prime factors of 36/1*(137 + -45).
2, 3, 23
Let h = 7164 + -4458. List the prime factors of h.
2, 3, 11, 41
Suppose -8*i = -409 - 391. List the prime factors of i.
2, 5
Let n(h) = 3*h**2 + 20*h - 357. List the prime factors of n(30).
3, 109
Suppose 0 = -5*f + 5*i + 4 + 16, -6 = -3*f - 3*i. Let p be f - -1*(0 + 3). Suppose p = 5*x - 94. What are the prime factors of x?
2, 5
Let o(n) be the second derivative of n**4/6 - 5*n**3/6 - n**2/2 + 4*n. Let x be o(5). What are the prime factors of 0 + 9 - x/(-8)?
2, 3
Let d(g) = -g + 1. Let r be d(-6). Let k(m) = -m**3 + 10*m**2 + 9*m - 9. List the prime factors of k(r).
3, 67
Let d = -5 + 6. Let u(y) = -3*y + y + y + 2 - d + 20*y**2. List the prime factors of u(1).
2, 5
List the prime factors of -6 - (2 - (266 + 5)).
263
Suppose 17*f - 1050 = 3*f. List the prime factors of f.
3, 5
Let d(b) = b**2 - 6*b + 2. Let y be d(6). Suppose 10 = y*r - 90. Let v = -33 + r. What are the prime factors of v?
17
Let h(q) = -4 + 0*q**2 - q**2 - 13 + 2*q**2 - 8*q. Let r = 15 - 3. List the prime factors of h(r).
31
Let a be 7 - 5 - (1 - -3). Let x be a/(-2) - (-57)/3. Let b = 74 - x. List the prime factors of b.
2, 3
Suppose -195*o + 16515 = -186*o. List the prime factors of o.
5, 367
Let p be ((-48)/(-80))/(1/25). List the prime factors of ((-6)/p*-20)/(1/2).
2
Suppose n - 6 = -h + 2, -4 = 2*h - 2*n. Let o(m) = 3*m**2 + h - 1 + 2*m - 3. What are the prime factors of o(2)?
3, 5
Suppose 2*x = 3*g - 2872, 2*g - 281 = 5*x + 1641. What are the prime factors of g?
2, 239
List the prime factors of (-5 - -3) + (3 - -2603) - -3.
3, 11, 79
Let w(s) = 39*s**2 - 8*s - 47. List the prime factors of w(-6).
5, 281
Let v(o) = -o**3 + 13*o**2 + 3. Let u be v(13). Suppose u*c - 443 + 125 = 0. List the prime factors of c.
2, 53
Let a be 1/(12/(-40))*-39. Suppose -234 = -13*x + a. What are the prime factors of x?
2, 7
Let q(p) = 1. Suppose 0 = 7*j - 2*j - 30. Let g(x) = -x. Let w(s) = j*q(s) + g(s). List the prime factors of w(3).
3
Let m(q) = q**3 + 11*q**2 + 5. Let u be m(-11). Suppose 0 = -4*y + 16, 0 = z - u*y - 4 - 93. What are the prime factors of z?
3, 13
What are the prime factors of (3/(-24)*4)/(3/(-4314))?
719
Let v(y) be the first derivative of -y**3/3 - 15*y**2/2 - 18*y + 14. List the prime factors of v(-6).
2, 3
Let a(g) = g**2 + g + 2. Let p be a(-2). Suppose p*h = -h + 165. Suppose -f = -5*j + 87, -2*j = -j + 5*f - h. What are the prime factors of j?
2, 3
Let s = -893 + 6321. What are the prime factors of s?
2, 23, 59
Let u = -70 + 70. Suppose r + 250 = 3*h + 2*r, 2*h - 3*r - 163 = u. What are the prime factors of h?
83
Let n be (9/(-6))/((-9)/(-42)). Let g = n - -15. What are the prime factors of g?
2
Let g(f) = 7*f + 7 + 10*f - 14 - 23. What are the prime factors of g(18)?
2, 3, 23
Let s be (-92)/23*(-269)/(-2). Let c = s + 764. What are the prime factors of c?
2, 113
List the prime factors of (-522 - (-21 + 14))*(-2 - -1).
5, 103
List the prime factors of 2*3 - 1088/(-32).
2, 5
Let j be ((-21)/1)/(15/(-190)). Suppose 6*z + z = j. List the prime factors of z.
2, 19
Suppose -34 = -4*o - q, 3*o - 3*q - 18 = -0*q. Let y(n) = -3 - 5*n - 6*n + 5 - n**2 - o. What are the prime factors of y(-8)?
2, 3
Suppose -h = -4*h - 3*c + 2595, -5*c = -h + 865. List the prime factors of h.
5, 173
Let c(k) = -5*k**3 - 10*k**2 - 69*k + 12. List the prime factors of c(-5).
2, 3, 61
Let r be (-20)/40*(-9 + -1). Suppose 4*y = r*b + 31, 3*y - 42 = -2*y + 3*b. What are the prime factors of y?
3
Let p be (-15)/6*(-182)/35. Suppose 9 = 14*v - p*v. What are the prime factors of v?
3
Suppose -2*z + 5*t + 1265 = 3*z, -5*z = 5*t - 1315. What are the prime factors of z?
2, 3, 43
Let z(l) = l + l + l - 1 - 2*l. Let r be z(2). Let n = 10 + r. List the prime factors of n.
11
Let d(m) = -m**3 + m**2 + 5*m + 2. Let g = -6 - -6. Suppose -5*a + z - 12 = g, 0*z = 4*a - z + 9. List the prime factors of d(a).
23
Let i(u) = u**2 + u + 4. Let v be i(0). Suppose 0 = -4*x - 12, -69 = -2*c - v*x + 237. Suppose -3*z = -k - 0*k - c, 4*z = -k + 212. List the prime factors of z.
53
Let i(f) be the second derivative of -f**3/3 - f**2 - 5*f. Let h be i(-1). Suppose 5*u + h*u - 85 = 0. What are the prime factors of u?
17
Suppose -705 = -12*z + 9*z. Let k = -116 + z. Suppose -5*m - 4*s = -263, 4*m - 2*m - 3*s - k = 0. What are the prime factors of m?
5, 11
Let v = -1 - -6. Suppose 3*g = -0*g + 5*q + 223, v*q - 20 = 0. List the prime factors of g.
3
Suppose -746 = -2*m + 3752. What are the prime factors of m?
13, 173
Let l(x) = 5*x - 11. Let d(f) = -3*f + 5. Let j(i) = -7*d(i) - 3*l(i). List the prime factors of j(6).
2, 17
Let b = 27 - 94. Let l = 206 + b. What are the prime factors of l?
139
Let i(v) = 4*v - 2. Let o be i(2). Suppose 1 = -y + o. What are the prime factors of (0 + y)*(-10)/(-2)?
5
Let v be (-1 - -6)*(-4)/(-5). Suppose 6 = -l + 5*u, -2*u + v = -0. Suppose -l*q = -0*z + z - 50, 0 = 3*q - 3. List the prime factors of z.
2, 23
Let i = -490 - -919. What are the prime factors of i?
3, 11, 13
Let q be -89*6*4/(-6). Let n be 3/(-9) + q/6. Let d = n + -27. What are the prime factors of d?
2
Let a = 333 + 23. Let l = a - 219. What are the prime factors of l?
137
Let t(m) = 13*m**2 + 6*m + 9. Let v(r) = 5*r + 2. Let d be v(-1). What are the prime factors of t(d)?
2, 3
Suppose 17586 = -45*u + 89271. What are the prime factors of u?
3, 59
Suppose -11675 = -4*m - 5*h, -2*m - h - 1163 + 7008 = 0. What are the prime factors of m?
3, 5, 13
Suppose 8*s - 11*s - i + 16330 = 0, 27226 = 5*s - 3*i. List the prime factors of s.
2, 1361
Suppose -3*h = -7*h + 16. Suppose -4*q + 360 = -h*x, 2*x - 360 = -q - 3*q. Let b = q + -52. List the prime factors of b.
2, 19
Let s = 3 - -1. Suppose s = -m + 5. Suppose m - 18 = -u. What are the prime factors of u?
17
Let m(o) = 97 + 4*o**2 - 3*o - 97. Let p be m(-3). Suppose 4*k = k + p. List the prime factors of k.
3, 5
Suppose w = -15 - 23. Let k be ((-342)/15)/(8/(-20)). What are the prime factors of 4/w + 4167/k?
73
Suppose -5*n + 6 = -4. List the prime factors of n*(47 + -3) + (-2)/(-2).
89
Suppose 5*k - 704 = 2876. List the prime factors of k.
2, 179
Let r(c) = 3*c - 2. Let x(u) = -19*u + 13. Let n(s) = 39*